{"id":1647,"date":"2023-03-16T12:16:21","date_gmt":"2023-03-16T11:16:21","guid":{"rendered":"http:\/\/ecrire44.fr\/?page_id=1647"},"modified":"2024-05-17T16:43:37","modified_gmt":"2024-05-17T15:43:37","slug":"textes-datelier","status":"publish","type":"page","link":"https:\/\/ecrire44.fr\/index.php\/textes-datelier\/","title":{"rendered":"TEXTES d&rsquo;atelier"},"content":{"rendered":"\r\n<p><em>Mars 2023, lors d&rsquo;un atelier autour du slam<\/em><\/p>\r\n\r\n\r\n\r\n<p><span style=\"color:#0aa3e5\" class=\"has-inline-color\">Est-ce que t\u2019as cette douce chaleur<br>Est-ce que t\u2019as en toi la lumi\u00e8re<br>Je suis la plume sur ton \u00e9paule<br>Je suis la douceur de ta peau<br>Est-ce que t\u2019as en toi toutes les couleurs<br>Est-ce que t\u2019as d\u00e9j\u00e0 \u00e9t\u00e9 en apesanteur<br>Est-ce que t\u2019as atteint cette l\u00e9g\u00e8ret\u00e9<br>Je suis le soleil, je suis la fra\u00eecheur<br>Je suis la plume, je suis la feuille<br>Est-ce que t\u2019as la plume sur la feuille<br>Est-ce que t\u2019as le soleil dans ton c\u0153ur<br>Je suis la couleur la douceur la fra\u00eecheur<br>Je suis le c\u0153ur sur la plume et la feuille<\/span><br>M.D.<\/p>\r\n\r\n\r\n\r\n<p><em><span style=\"color:#f91119\" class=\"has-inline-color\">J\u2019aime l\u2019empreinte des pas \u00e9gar\u00e9s dans le sable<br>Traces sur la laisse lasse laiss\u00e9e \u00e0 la langueur de l\u2019oc\u00e9an<br>J\u2019aime le murmure des vagues qui s\u2019\u00e9tirent et s\u2019\u00e9tendent<br>Trace sal\u00e9e sur la langue de l\u2019eau<br>J\u2019aime la saveur ambr\u00e9e de l\u2019ombre qui s\u2019embellit en ombelles d\u00e9licates<br>Traces fugitives des mouvements du vent<br>J\u2019aime les lueurs \u00e9ph\u00e9m\u00e8res des \u00e9toiles en feu<br>Traces flamboyantes<br>Traces \u00e9ph\u00e9m\u00e8res fig\u00e9es dans l\u2019\u0153il du n\u00e9ant<br>J\u2019aime la l\u00e9g\u00e8ret\u00e9 de l\u2019air o\u00f9 se fond la plume<br>Chanson douce en forme de lune sur les arp\u00e8ges de l\u2019instant<br>Trace de la brise qui s\u2019\u00e9ternise en caresse de peau<br>J\u2019aime la promesse de l\u2019aube et la cantil\u00e8ne du soir<br>Traces fondues dans le sang du ciel<br>Traces perdues au fond des gouffres rose et miel<br>J\u2019aime le parfum \u00e2cre de la terre ouverte<br>Or brun offert \u00e0 la face du monde<br>Traces ancestrales jouant dans l\u2019onde infinie des temps retrouv\u00e9s et perdus<br>J\u2019aime l\u2019orgueil \u00e9pineux du velours de la rose<br>Ses appels fervents qui emplissent et alourdissent l\u2019air en couronnes lascives<br>Trace de ses \u00e9panchements sans fin<br>J\u2019aime<\/span><\/em><br>M-P.<\/p>\r\n\r\n\r\n\r\n<p><span style=\"color:#00a317\" class=\"has-inline-color\">Je suis l\u2019oiseau, je suis le ciel<br>Je t\u2019offre ce voyage et il n\u2019est pas superficiel<br>Je suis une plan\u00e8te, je suis la galaxie<br>Je t\u2019offre ce voyage et il est infini<br>Je suis un roc, je suis un menhir<br>Je t\u2019offre ce voyage, je l\u2019esp\u00e8re, tu vas venir<br>Je suis un cil, je suis tes yeux<br>Je t\u2019offre ce voyage et puis un et puis deux<br>Je suis l\u2019iris, le ciel gris, la lumi\u00e8re<br>Je t\u2019offre cette ce voyage, cette vision l\u00e9g\u00e8re<br>Je suis qui tu voudras<br>Je t\u2019offre ce voyage et puis, oui, je l\u2019esp\u00e8re, tu viendras<\/span><br>C.H.<\/p>\r\n\r\n\r\n\r\n<p><em><span style=\"color:#a31100\" class=\"has-inline-color\">J&rsquo;entends le po\u00e8me de Baudelaire papillon l\u00e9ger.<br>Je ressens la rime le mot le texte qui est n\u00e9<br>J&rsquo;\u00e9cris ma pens\u00e9e duvet noir tatou\u00e9<br>Je vois l&rsquo;encre dessin sur ma peau imprim\u00e9e<br>Je t&rsquo;offre l&rsquo;oiseau papillon de ma pens\u00e9e.<br>Je me sens une fleur sentiment abandonn\u00e9\u2026\u2026<\/span><\/em><br>N.F.<\/p>\r\n\r\n\r\n\r\n<p class=\"has-text-color\" style=\"color:#25b954\"><span style=\"color:#09af0f\" class=\"has-inline-color\">J&rsquo;avoue que c&rsquo;est bon<br>D&rsquo;avoir la l\u00e9g\u00e8ret\u00e9 de l&rsquo;oiseau<br>D&rsquo;all\u00e9ger poids des qu&rsquo;en-dira-t-on<\/span><\/p>\r\n\r\n\r\n\r\n<p class=\"has-text-color\" style=\"color:#09af0f\"><span style=\"color:#09af0f\" class=\"has-inline-color\">Mais je suis une femme de la terre<br>Les pieds au sol, s\u00e9dentaire,<br>J&rsquo;\u00e9cris \u00e0 l&rsquo;encre noire<br>Je rime pour ne pas choir<\/span><\/p>\r\n\r\n\r\n\r\n<p class=\"has-text-color\" style=\"color:#09af0f\">Est-ce que t&rsquo;as d\u00e9j\u00e0 vol\u00e9 dans tes r\u00eaves<br>Des ailes aux reflets stellaires<br>Accroch\u00e9es \u00e0 tes bras ?<\/p>\r\n\r\n\r\n\r\n<p class=\"has-text-color\" style=\"color:#0cae42\">Mais je suis une femme de la terre<br>Les pieds au sol, s\u00e9dentaire,<br>J&rsquo;\u00e9cris \u00e0 l&rsquo;encre noire<br>Je rime pour ne pas choir<\/p>\r\n\r\n\r\n\r\n<p class=\"has-text-color\" style=\"color:#09af0f\">Je t\u00e2che avec mes mots<br>Pli\u00e9s dans ma poche, incognitos<br>Que la vie r\u00e9sonne dans mon c\u0153ur<br>Qu&rsquo;ils m&#8217;emportent vers l&rsquo;ailleurs<\/p>\r\n\r\n\r\n\r\n<p class=\"has-text-color\" style=\"color:#09af0f\">Je suis une femme de la terre<br>Les pieds au sol, s\u00e9dentaire,<br>J&rsquo;\u00e9cris \u00e0 l&rsquo;encre noire<br>Je rime avec l&rsquo;espoir<br>G.G.<\/p>\r\n\r\n\r\n\r\n<p><em><span class=\"has-inline-color has-blue-color\">As -tu d\u00e9j\u00e0 senti l&rsquo;encre ?<br>Quand y&rsquo;en a plus, c&rsquo;est cruel<br>As-tu d\u00e9j\u00e0 entendu teinter les mots ?<br>Les \u00e9couter, c&rsquo;est du miel<br>J&rsquo;aime les mots qui p\u00e9tillent<br>Dans le feu des papilles<br>J&rsquo;aime les mots qui sont crus<br>Quand je n&rsquo;suis plus crue<br>J&rsquo;avoue que les mots, c&rsquo;est un cri<br>J&rsquo;suis crev\u00e9e, j&rsquo;suis nourri<\/span><\/em><\/p>\r\n\r\n\r\n\r\n<p><br><br><br><\/p>\r\n","protected":false},"excerpt":{"rendered":"<p>Mars 2023, lors d&rsquo;un atelier autour du slam Est-ce que t\u2019as cette douce chaleurEst-ce que t\u2019as en toi la lumi\u00e8reJe suis la plume sur ton \u00e9pauleJe suis la douceur de ta peauEst-ce que t\u2019as en toi toutes les couleursEst-ce que t\u2019as d\u00e9j\u00e0 \u00e9t\u00e9 en apesanteurEst-ce que t\u2019as atteint cette l\u00e9g\u00e8ret\u00e9Je suis le soleil, je suis &hellip; <a href=\"https:\/\/ecrire44.fr\/index.php\/textes-datelier\/\" class=\"more-link\">Continuer la lecture de <span class=\"screen-reader-text\">TEXTES d&rsquo;atelier<\/span><\/a><\/p>\n","protected":false},"author":1,"featured_media":0,"parent":0,"menu_order":0,"comment_status":"closed","ping_status":"closed","template":"","meta":{"_uag_custom_page_level_css":"","footnotes":""},"class_list":["post-1647","page","type-page","status-publish","hentry"],"uagb_featured_image_src":{"full":false,"thumbnail":false,"medium":false,"medium_large":false,"large":false,"1536x1536":false,"2048x2048":false,"post-thumbnail":false},"uagb_author_info":{"display_name":"S.B.","author_link":"https:\/\/ecrire44.fr\/index.php\/author\/admin4101\/"},"uagb_comment_info":0,"uagb_excerpt":"Mars 2023, lors d&rsquo;un atelier autour du slam Est-ce que t\u2019as cette douce chaleurEst-ce que t\u2019as en toi la lumi\u00e8reJe suis la plume sur ton \u00e9pauleJe suis la douceur de ta peauEst-ce que t\u2019as en toi toutes les couleursEst-ce que t\u2019as d\u00e9j\u00e0 \u00e9t\u00e9 en apesanteurEst-ce que t\u2019as atteint cette l\u00e9g\u00e8ret\u00e9Je suis le soleil, je suis\u2026","_links":{"self":[{"href":"https:\/\/ecrire44.fr\/index.php\/wp-json\/wp\/v2\/pages\/1647","targetHints":{"allow":["GET"]}}],"collection":[{"href":"https:\/\/ecrire44.fr\/index.php\/wp-json\/wp\/v2\/pages"}],"about":[{"href":"https:\/\/ecrire44.fr\/index.php\/wp-json\/wp\/v2\/types\/page"}],"author":[{"embeddable":true,"href":"https:\/\/ecrire44.fr\/index.php\/wp-json\/wp\/v2\/users\/1"}],"replies":[{"embeddable":true,"href":"https:\/\/ecrire44.fr\/index.php\/wp-json\/wp\/v2\/comments?post=1647"}],"version-history":[{"count":5,"href":"https:\/\/ecrire44.fr\/index.php\/wp-json\/wp\/v2\/pages\/1647\/revisions"}],"predecessor-version":[{"id":1937,"href":"https:\/\/ecrire44.fr\/index.php\/wp-json\/wp\/v2\/pages\/1647\/revisions\/1937"}],"wp:attachment":[{"href":"https:\/\/ecrire44.fr\/index.php\/wp-json\/wp\/v2\/media?parent=1647"}],"curies":[{"name":"wp","href":"https:\/\/api.w.org\/{rel}","templated":true}]}}

<p><em>Mars 2023, lors d&rsquo;un atelier autour du slam</em></p>



<p><span style="color:#0aa3e5" class="has-inline-color">Est-ce que t’as cette douce chaleur<br>Est-ce que t’as en toi la lumière<br>Je suis la plume sur ton épaule<br>Je suis la douceur de ta peau<br>Est-ce que t’as en toi toutes les couleurs<br>Est-ce que t’as déjà été en apesanteur<br>Est-ce que t’as atteint cette légèreté<br>Je suis le soleil, je suis la fraîcheur<br>Je suis la plume, je suis la feuille<br>Est-ce que t’as la plume sur la feuille<br>Est-ce que t’as le soleil dans ton cœur<br>Je suis la couleur la douceur la fraîcheur<br>Je suis le cœur sur la plume et la feuille</span><br>M.D.</p>



<p><em><span style="color:#f91119" class="has-inline-color">J’aime l’empreinte des pas égarés dans le sable<br>Traces sur la laisse lasse laissée à la langueur de l’océan<br>J’aime le murmure des vagues qui s’étirent et s’étendent<br>Trace salée sur la langue de l’eau<br>J’aime la saveur ambrée de l’ombre qui s’embellit en ombelles délicates<br>Traces fugitives des mouvements du vent<br>J’aime les lueurs éphémères des étoiles en feu<br>Traces flamboyantes<br>Traces éphémères figées dans l’œil du néant<br>J’aime la légèreté de l’air où se fond la plume<br>Chanson douce en forme de lune sur les arpèges de l’instant<br>Trace de la brise qui s’éternise en caresse de peau<br>J’aime la promesse de l’aube et la cantilène du soir<br>Traces fondues dans le sang du ciel<br>Traces perdues au fond des gouffres rose et miel<br>J’aime le parfum âcre de la terre ouverte<br>Or brun offert à la face du monde<br>Traces ancestrales jouant dans l’onde infinie des temps retrouvés et perdus<br>J’aime l’orgueil épineux du velours de la rose<br>Ses appels fervents qui emplissent et alourdissent l’air en couronnes lascives<br>Trace de ses épanchements sans fin<br>J’aime</span></em><br>M-P.</p>



<p><span style="color:#00a317" class="has-inline-color">Je suis l’oiseau, je suis le ciel<br>Je t’offre ce voyage et il n’est pas superficiel<br>Je suis une planète, je suis la galaxie<br>Je t’offre ce voyage et il est infini<br>Je suis un roc, je suis un menhir<br>Je t’offre ce voyage, je l’espère, tu vas venir<br>Je suis un cil, je suis tes yeux<br>Je t’offre ce voyage et puis un et puis deux<br>Je suis l’iris, le ciel gris, la lumière<br>Je t’offre cette ce voyage, cette vision légère<br>Je suis qui tu voudras<br>Je t’offre ce voyage et puis, oui, je l’espère, tu viendras</span><br>C.H.</p>



<p><em><span style="color:#a31100" class="has-inline-color">J&rsquo;entends le poème de Baudelaire papillon léger.<br>Je ressens la rime le mot le texte qui est né<br>J&rsquo;écris ma pensée duvet noir tatoué<br>Je vois l&rsquo;encre dessin sur ma peau imprimée<br>Je t&rsquo;offre l&rsquo;oiseau papillon de ma pensée.<br>Je me sens une fleur sentiment abandonné……</span></em><br>N.F.</p>



<p class="has-text-color" style="color:#25b954"><span style="color:#09af0f" class="has-inline-color">J&rsquo;avoue que c&rsquo;est bon<br>D&rsquo;avoir la légèreté de l&rsquo;oiseau<br>D&rsquo;alléger poids des qu&rsquo;en-dira-t-on</span></p>



<p class="has-text-color" style="color:#09af0f"><span style="color:#09af0f" class="has-inline-color">Mais je suis une femme de la terre<br>Les pieds au sol, sédentaire,<br>J&rsquo;écris à l&rsquo;encre noire<br>Je rime pour ne pas choir</span></p>



<p class="has-text-color" style="color:#09af0f">Est-ce que t&rsquo;as déjà volé dans tes rêves<br>Des ailes aux reflets stellaires<br>Accrochées à tes bras ?</p>



<p class="has-text-color" style="color:#0cae42">Mais je suis une femme de la terre<br>Les pieds au sol, sédentaire,<br>J&rsquo;écris à l&rsquo;encre noire<br>Je rime pour ne pas choir</p>



<p class="has-text-color" style="color:#09af0f">Je tâche avec mes mots<br>Pliés dans ma poche, incognitos<br>Que la vie résonne dans mon cœur<br>Qu&rsquo;ils m&#8217;emportent vers l&rsquo;ailleurs</p>



<p class="has-text-color" style="color:#09af0f">Je suis une femme de la terre<br>Les pieds au sol, sédentaire,<br>J&rsquo;écris à l&rsquo;encre noire<br>Je rime avec l&rsquo;espoir<br>G.G.</p>



<p><em><span class="has-inline-color has-blue-color">As -tu déjà senti l&rsquo;encre ?<br>Quand y&rsquo;en a plus, c&rsquo;est cruel<br>As-tu déjà entendu teinter les mots ?<br>Les écouter, c&rsquo;est du miel<br>J&rsquo;aime les mots qui pétillent<br>Dans le feu des papilles<br>J&rsquo;aime les mots qui sont crus<br>Quand je n&rsquo;suis plus crue<br>J&rsquo;avoue que les mots, c&rsquo;est un cri<br>J&rsquo;suis crevée, j&rsquo;suis nourri</span></em></p>



<p><br><br><br></p>

<p>Mars 2023, lors d&rsquo;un atelier autour du slam Est-ce que t’as cette douce chaleurEst-ce que t’as en toi la lumièreJe suis la plume sur ton épauleJe suis la douceur de ta peauEst-ce que t’as en toi toutes les couleursEst-ce que t’as déjà été en apesanteurEst-ce que t’as atteint cette légèretéJe suis le soleil, je suis &hellip; <a href="https://ecrire44.fr/index.php/textes-datelier/" class="more-link">Continuer la lecture de <span class="screen-reader-text">TEXTES d&rsquo;atelier</span></a></p>

Mars 2023, lors d&rsquo;un atelier autour du slam Est-ce que t’as cette douce chaleurEst-ce que t’as en toi la lumièreJe suis la plume sur ton épauleJe suis la douceur de ta peauEst-ce que t’as en toi toutes les couleursEst-ce que t’as déjà été en apesanteurEst-ce que t’as atteint cette légèretéJe suis le soleil, je suis…
