{"id":1907,"date":"2024-05-16T16:42:02","date_gmt":"2024-05-16T15:42:02","guid":{"rendered":"https:\/\/ecrire44.fr\/?page_id=1907"},"modified":"2026-02-09T17:23:46","modified_gmt":"2026-02-09T16:23:46","slug":"le-programme","status":"publish","type":"page","link":"https:\/\/ecrire44.fr\/index.php\/le-programme\/","title":{"rendered":"LES ATELIERS"},"content":{"rendered":"<div class=\"wp-block-image\">\n<figure class=\"aligncenter size-full is-resized\"><img loading=\"lazy\" decoding=\"async\" width=\"1024\" height=\"765\" src=\"https:\/\/ecrire44.fr\/wp-content\/uploads\/2024\/05\/image.png\" alt=\"\" class=\"wp-image-1921\" style=\"width:321px;height:auto\" srcset=\"https:\/\/ecrire44.fr\/wp-content\/uploads\/2024\/05\/image.png 1024w, https:\/\/ecrire44.fr\/wp-content\/uploads\/2024\/05\/image-300x224.png 300w, https:\/\/ecrire44.fr\/wp-content\/uploads\/2024\/05\/image-768x574.png 768w\" sizes=\"auto, (max-width: 1024px) 100vw, 1024px\" \/><\/figure>\n<\/div>\n\n\n<p><strong><em>\u00ab\u00a0Avant d&rsquo;\u00e9crire, on ne sait rien de ce qu&rsquo;on va \u00e9crire\u00a0\u00bb<\/em> <em>Marguerite Duras<\/em><\/strong><\/p>\n\n\n\n<p>L&rsquo;atelier est ouvert \u00e0 toute personne qui souhaite participer \u00e0 cette aventure collective, qu&rsquo;il.elle soit d\u00e9butant.e ou non.<br>En petits groupes de 5 \u00e0 7 personnes, les participant.e.s \u00e9crivent in situ, parfois hors les murs partant d&rsquo;une th\u00e9matique pour l&rsquo;ann\u00e9e. Chaque th\u00e8me propos\u00e9 par l&rsquo;animatrice est \u00e9toff\u00e9 par des extraits de textes issus de la litt\u00e9rature et de la po\u00e9sie. D&rsquo;autres supports, tels que photographies, objets&#8230; viennent sont parfois compl\u00e9ter les propositions. <\/p>\n\n\n\n<p>Quelques exemples de th\u00e8mes qui ont \u00e9t\u00e9 abord\u00e9s : l\u2019\u0153uvre d&rsquo;art, le voyage, les d\u00e9parts et les arriv\u00e9es, les arts, les \u00e9l\u00e9ments, les \u00e9motions et sensations&#8230;<br>Les ateliers permettent de faire la d\u00e9couverte de sa propre \u00e9criture (et non de sa propre vie). <\/p>\n\n\n\n<p>Un temps est consacr\u00e9 ensuite \u00e0 la lecture et aux \u00e9changes.<\/p>\n\n\n\n<p>Les\u00a0 participant.es. des 2 groupes se retrouvent une journ\u00e9e hors les murs lors du dernier atelier en juin.<br>La bienveillance, le respect, le non jugement sont les fondamentaux du fonctionnement des ateliers.<\/p>\n\n\n\n<p><strong>Lieu : Atelier \u00ab\u00a0C\u00f4t\u00e9 3bis\u00a0\u00bb, 3 bis rue Bruneau, Trentemoult \/ Rez\u00e9 &#8211; 06 04 19 84 55<br>rezeacces@gmail.com<\/strong><\/p>\n\n\n\n<p class=\"has-text-align-center has-text-color has-link-color wp-elements-055fe5c00bffa6a87880bb9a508c1e16\" style=\"color:#142ef6\"><strong>&#8212;&#8212;&#8212;&#8212;&#8212;&#8212;&#8212;&#8212;&#8212;&#8212;&#8212;&#8212;&#8212;&#8212;&#8212;&#8212;&#8212;&#8212;&#8212;&#8212;&#8212;&#8212;&#8212;&#8212;&#8212;&#8212;&#8211;<\/strong><\/p>\n\n\n\n<h1 class=\"wp-block-heading has-text-align-center has-text-color has-link-color wp-elements-b324c7fcc03bf4a858c1392050a51437\" style=\"color:#142ef6\"><strong>SAISON 2025 &#8211; 2026<\/strong><\/h1>\n\n\n\n<p class=\"has-text-color has-link-color wp-elements-bee4b062ba554574d73267c4fe5e0836\" style=\"color:#f33c17\"><strong>\u00c9CRITURE A L&rsquo;ANN\u00c9E<\/strong><\/p>\n\n\n\n<p>Pour cette saison 2025 \/ 2026, nous explorerons le th\u00e8me des lieux et de l&rsquo;espace.<\/p>\n\n\n\n<div class=\"wp-block-columns is-layout-flex wp-container-core-columns-is-layout-9d6595d7 wp-block-columns-is-layout-flex\">\n<div class=\"wp-block-column is-layout-flow wp-block-column-is-layout-flow\" style=\"flex-basis:100%\">\n<p class=\"has-text-align-center\"><em>Habiter un lieu, est-ce se l&rsquo;approprier ? Qu&rsquo;est-ce que s&rsquo;approprier un lieu ? \u00c0 partir de quand un lieu devient-il vraiment v\u00f4tre ?&#8230; <\/em>Georges Perec, Esp\u00e8ces d&rsquo;espaces<\/p>\n<\/div>\n<\/div>\n\n\n\n<p>3 heures par mois, de octobre \u00e0 juin, les mardis (18h-21h) et samedis (9h30-12h30)<\/p>\n\n\n\n<p><strong>Tarif<\/strong> : 230 \u20ac. Possibilit\u00e9 de r\u00e9gler en plusieurs fois. <\/p>\n\n\n\n<p class=\"has-medium-pink-color has-text-color has-link-color wp-elements-d095a513a68a0023c02b4ce2bb8b549b\"> <em>Complet<\/em><br><\/p>\n\n\n\n<p class=\"has-text-align-center has-text-color has-link-color wp-elements-a26816afa3375db1e5387ea45d110725\" style=\"color:#142ef6\"><strong>&#8212;&#8212;&#8212;&#8212;&#8212;&#8212;&#8212;&#8212;&#8212;&#8212;&#8212;&#8212;&#8212;&#8212;&#8212;&#8212;&#8212;&#8212;&#8212;&#8212;&#8212;&#8212;&#8212;&#8212;&#8212;&#8212;&#8211;<\/strong><\/p>\n\n\n\n<p class=\"has-medium-pink-color has-text-color has-link-color wp-elements-57af22635fea9f05e638c33ef6b40552\"><strong>STAGE \u00c9CRITURE LONGUE<\/strong> &#8211; Stage de 2 jours. <\/p>\n\n\n<div class=\"wp-block-image\">\n<figure class=\"aligncenter size-full is-resized\"><img loading=\"lazy\" decoding=\"async\" width=\"283\" height=\"378\" src=\"https:\/\/ecrire44.fr\/wp-content\/uploads\/2024\/07\/ecriture-longue.jpg\" alt=\"\" class=\"wp-image-1978\" style=\"width:184px;height:auto\" srcset=\"https:\/\/ecrire44.fr\/wp-content\/uploads\/2024\/07\/ecriture-longue.jpg 283w, https:\/\/ecrire44.fr\/wp-content\/uploads\/2024\/07\/ecriture-longue-225x300.jpg 225w\" sizes=\"auto, (max-width: 283px) 100vw, 283px\" \/><\/figure>\n<\/div>\n\n\n<p class=\"has-dark-gray-color has-text-color has-link-color wp-elements-80acb6a393af74522a3704ba54be718a\">Il ne s&rsquo;agit pas d&rsquo;\u00e9crire un livre en 2 jours ! L&rsquo;objectif est de donner des pistes pour cheminer vers la construction de son propre r\u00e9cit \u00e0 travers plusieurs prismes : le monde environnant, le v\u00e9cu et l&rsquo;imaginaire du narrateur, la forme narrative. <br>Ce stage permet d&rsquo;\u00eatre observateur de son \u00e9criture pour faire \u00e9merger sa propre voix. O\u00f9 chacun.es peut oser, tenter, d\u00e9passer ses doutes par l&rsquo;\u00e9crit. En appui, des extraits de textes et citations d&rsquo;auteurs qui am\u00e8nent \u00e0 explorer des formes et des r\u00e9flexions sur les processus de l&rsquo;\u00e9criture. Les \u00e9changes, retours, \u00e9chos viendront nourrir les cheminements de tou.tes, dans le respect et la bienveillance.<\/p>\n\n\n\n<p>En appui, des outils et t\u00e9moignages des processus d&rsquo;\u00e9criture d&rsquo;\u00e9crivains et de po\u00e8tes : Laura Vazquez, Jean-Philippe Toussaint, Martin Winckler, Fran\u00e7ois Bon, Laurent Mauvignier, Stephen King&#8230; <\/p>\n\n\n\n<p><strong>Dates <\/strong>: dimanches 25 janvier et 8 mars 2026<br><strong>Horaires<\/strong> : 10h-12h30 \/ 14h-17h<br><strong>Tarif : <\/strong>200 \u20ac les 2 journ\u00e9es.<\/p>\n\n\n\n<p class=\"has-medium-pink-color has-text-color has-link-color wp-elements-e0d129eff1dae4ff675b42e3915ce4f1\"><em>complet<\/em><\/p>\n\n\n\n<p class=\"has-text-align-center has-text-color has-link-color wp-elements-055fe5c00bffa6a87880bb9a508c1e16\" style=\"color:#142ef6\"><strong>&#8212;&#8212;&#8212;&#8212;&#8212;&#8212;&#8212;&#8212;&#8212;&#8212;&#8212;&#8212;&#8212;&#8212;&#8212;&#8212;&#8212;&#8212;&#8212;&#8212;&#8212;&#8212;&#8212;&#8212;&#8212;&#8212;&#8211;<\/strong><\/p>\n\n\n\n<p class=\"has-text-align-center has-medium-pink-color has-text-color has-link-color wp-elements-50e76356fa3d0e64cd2521dba20651fd\"><strong>\u00c9CRITURE \u00c0 LA JOURN\u00c9E<\/strong><br><em>Vous souhaitez  participer \u00e0 un atelier d&rsquo;une journ\u00e9e, vous \u00eates 5 au minimum, nous fixons une date ensemble et je vous accompagne dans un chemin d&rsquo;\u00e9criture autour des \u0153uvres d&rsquo;art.<\/em><br><\/p>\n\n\n<div class=\"wp-block-image\">\n<figure class=\"aligncenter size-full is-resized\"><img loading=\"lazy\" decoding=\"async\" width=\"400\" height=\"295\" src=\"https:\/\/ecrire44.fr\/wp-content\/uploads\/2024\/07\/image.png\" alt=\"\" class=\"wp-image-2053\" style=\"width:302px;height:auto\" srcset=\"https:\/\/ecrire44.fr\/wp-content\/uploads\/2024\/07\/image.png 400w, https:\/\/ecrire44.fr\/wp-content\/uploads\/2024\/07\/image-300x221.png 300w\" sizes=\"auto, (max-width: 400px) 100vw, 400px\" \/><\/figure>\n<\/div>\n\n\n<p>Une journ\u00e9e enti\u00e8re au mus\u00e9e d&rsquo;art de Nantes. <br>Un premier temps est consacr\u00e9 \u00e0 une d\u00e9ambulation dans les salles du mus\u00e9e pour permettre \u00e0 chacun.e d&rsquo;observer les \u0153uvres puis d&rsquo;en choisir une et enfin, d&rsquo;\u00e9crire les \u00e9chos, r\u00e9sonances, \u00e9motions qu&rsquo;elle suscite en soi partant de \u00ab\u00a0d\u00e9clencheurs\u00a0\u00bb propos\u00e9s par l&rsquo;animatrice. <br>Lecture est faite au mus\u00e9e, en groupe, devant l\u2019\u0153uvre choisie.<br><\/p>\n\n\n\n<p><strong>Dates \u00e0 la carte<\/strong><br>(<em>Pause repas de 12h30 \u00e0 14h)<\/em><br><strong>Tarif<\/strong> 55 euros, non compris, l&rsquo;entr\u00e9e du mus\u00e9e. Possibilit\u00e9 de se restaurer dans une brasserie pr\u00e8s du mus\u00e9e.<br>Acompte \u00e0 l&rsquo;inscription : 20 \u20ac<br><\/p>\n\n\n\n<p class=\"has-text-color has-link-color wp-elements-941974bdf5ef1fb5605dd016d6625a91\" style=\"color:#142ef6\"><em><a href=\"https:\/\/ecrire44.fr\/wp-content\/uploads\/2025\/09\/bull.adh-ACCES.pdf\" target=\"_blank\" rel=\"noreferrer noopener\">Bulletin d&rsquo;inscription<\/a><\/em><\/p>\n\n\n\n<p class=\"has-text-align-center has-medium-pink-color has-text-color has-link-color wp-elements-7150c860c5ca0986932b72dac5135c02\"><strong><strong>&#8212;&#8212;&#8212;&#8212;&#8212;&#8212;&#8212;&#8212;&#8212;&#8212;&#8212;&#8212;&#8212;&#8212;&#8212;&#8212;&#8212;&#8212;&#8212;&#8212;&#8212;&#8212;&#8212;&#8212;&#8212;&#8212;&#8211;<\/strong><\/strong><br><strong>\u00c9CRITURE \u00c0 LA JOURN\u00c9E<\/strong><br><em><em>Vous souhaitez  participer \u00e0 un atelier d&rsquo;une journ\u00e9e, vous \u00eates 5 au minimum, nous fixons une date ensemble et je vous accompagne dans un chemin d&rsquo;\u00e9criture autour du fleuve.<\/em><\/em><\/p>\n\n\n\n<p><strong>\u00c9CRIRE LA LOIRE<\/strong><\/p>\n\n\n\n<div class=\"wp-block-uagb-image aligncenter uagb-block-707da4c6 wp-block-uagb-image--layout-default wp-block-uagb-image--effect-static wp-block-uagb-image--align-center\"><figure class=\"wp-block-uagb-image__figure\"><img decoding=\"async\" srcset=\"https:\/\/ecrire44.fr\/wp-content\/uploads\/2019\/12\/Port.jpg ,https:\/\/ecrire44.fr\/wp-content\/uploads\/2019\/12\/Port.jpg 780w, https:\/\/ecrire44.fr\/wp-content\/uploads\/2019\/12\/Port.jpg 360w\" sizes=\"auto, (max-width: 480px) 150px\" src=\"https:\/\/ecrire44.fr\/wp-content\/uploads\/2019\/12\/Port.jpg\" alt=\"\" class=\"uag-image-912\" width=\"375\" height=\"281\" title=\"Port\" loading=\"lazy\" role=\"img\"\/><\/figure><\/div>\n\n\n\n<p>Une journ\u00e9e enti\u00e8re au bord du fleuve pour \u00e9crire avec et aupr\u00e8s de lui. Il fait r\u00eaver, il fait \u00e9crire\u2026<br>L&rsquo;atelier se d\u00e9roule \u00e0 Trentemoult. Dans un premier temps, nous parlerons de ce fleuve et lirons des extraits de textes et po\u00e8mes qui parlent de lui. Nous alternerons ensuite d\u00e9ambulations et \u00e9criture. En cas de mauvais temps, nous pourrons \u00e9crire \u00e0 l&rsquo;abri. Les textes seront lus dehors ou dedans&#8230;<\/p>\n\n\n\n<p><strong>Dates \u00e0 la carte<\/strong> <br><em>Pause repas sur place <\/em><br><strong>Tarif<\/strong> : 55 euros<br>Acompte \u00e0 l&rsquo;inscription : 20 \u20ac<br><\/p>\n\n\n\n<p class=\"has-text-color has-link-color wp-elements-6ba0ed9b6a16e10567497b6a89a867d6\" style=\"color:#142ef6\"><em><a href=\"https:\/\/ecrire44.fr\/wp-content\/uploads\/2025\/09\/bull.adh-ACCES.pdf\" target=\"_blank\" rel=\"noreferrer noopener\">Bulletin d&rsquo;inscription<\/a><\/em><\/p>\n\n\n\n<p class=\"has-text-align-center has-medium-pink-color has-text-color has-link-color wp-elements-e2f04174a1730cdd9d6f2289f7d6b217\"><strong><strong>&#8212;&#8212;&#8212;&#8212;&#8212;&#8212;&#8212;&#8212;&#8212;&#8212;&#8212;&#8212;&#8212;&#8212;&#8212;&#8212;&#8212;&#8212;&#8212;&#8212;&#8212;&#8212;&#8212;&#8212;&#8212;&#8212;&#8211;<\/strong><\/strong><\/p>\n\n\n\n<p class=\"has-text-align-center has-medium-pink-color has-text-color has-link-color wp-elements-f8adb46b96bf5969223acb0df74cb3bb\"><\/p>\n\n\n\n<p><\/p>\n\n\n\n<p><br><\/p>\n","protected":false},"excerpt":{"rendered":"<p>\u00ab\u00a0Avant d&rsquo;\u00e9crire, on ne sait rien de ce qu&rsquo;on va \u00e9crire\u00a0\u00bb Marguerite Duras L&rsquo;atelier est ouvert \u00e0 toute personne qui souhaite participer \u00e0 cette aventure collective, qu&rsquo;il.elle soit d\u00e9butant.e ou non.En petits groupes de 5 \u00e0 7 personnes, les participant.e.s \u00e9crivent in situ, parfois hors les murs partant d&rsquo;une th\u00e9matique pour l&rsquo;ann\u00e9e. Chaque th\u00e8me propos\u00e9 &hellip; <a href=\"https:\/\/ecrire44.fr\/index.php\/le-programme\/\" class=\"more-link\">Continuer la lecture de <span class=\"screen-reader-text\">LES ATELIERS<\/span><\/a><\/p>\n","protected":false},"author":1,"featured_media":0,"parent":0,"menu_order":0,"comment_status":"closed","ping_status":"closed","template":"","meta":{"_uag_custom_page_level_css":"","footnotes":""},"class_list":["post-1907","page","type-page","status-publish","hentry"],"uagb_featured_image_src":{"full":false,"thumbnail":false,"medium":false,"medium_large":false,"large":false,"1536x1536":false,"2048x2048":false,"post-thumbnail":false},"uagb_author_info":{"display_name":"S.B.","author_link":"https:\/\/ecrire44.fr\/index.php\/author\/admin4101\/"},"uagb_comment_info":0,"uagb_excerpt":"\u00ab\u00a0Avant d&rsquo;\u00e9crire, on ne sait rien de ce qu&rsquo;on va \u00e9crire\u00a0\u00bb Marguerite Duras L&rsquo;atelier est ouvert \u00e0 toute personne qui souhaite participer \u00e0 cette aventure collective, qu&rsquo;il.elle soit d\u00e9butant.e ou non.En petits groupes de 5 \u00e0 7 personnes, les participant.e.s \u00e9crivent in situ, parfois hors les murs partant d&rsquo;une th\u00e9matique pour l&rsquo;ann\u00e9e. Chaque th\u00e8me propos\u00e9\u2026","_links":{"self":[{"href":"https:\/\/ecrire44.fr\/index.php\/wp-json\/wp\/v2\/pages\/1907","targetHints":{"allow":["GET"]}}],"collection":[{"href":"https:\/\/ecrire44.fr\/index.php\/wp-json\/wp\/v2\/pages"}],"about":[{"href":"https:\/\/ecrire44.fr\/index.php\/wp-json\/wp\/v2\/types\/page"}],"author":[{"embeddable":true,"href":"https:\/\/ecrire44.fr\/index.php\/wp-json\/wp\/v2\/users\/1"}],"replies":[{"embeddable":true,"href":"https:\/\/ecrire44.fr\/index.php\/wp-json\/wp\/v2\/comments?post=1907"}],"version-history":[{"count":121,"href":"https:\/\/ecrire44.fr\/index.php\/wp-json\/wp\/v2\/pages\/1907\/revisions"}],"predecessor-version":[{"id":2271,"href":"https:\/\/ecrire44.fr\/index.php\/wp-json\/wp\/v2\/pages\/1907\/revisions\/2271"}],"wp:attachment":[{"href":"https:\/\/ecrire44.fr\/index.php\/wp-json\/wp\/v2\/media?parent=1907"}],"curies":[{"name":"wp","href":"https:\/\/api.w.org\/{rel}","templated":true}]}}