{"id":2110,"date":"2024-08-13T17:17:49","date_gmt":"2024-08-13T16:17:49","guid":{"rendered":"https:\/\/ecrire44.fr\/?page_id=2110"},"modified":"2024-08-13T17:24:23","modified_gmt":"2024-08-13T16:24:23","slug":"lassociation-acc-e-s-2","status":"publish","type":"page","link":"https:\/\/ecrire44.fr\/index.php\/lassociation-acc-e-s-2\/","title":{"rendered":"L&rsquo;ASSOCIATION ACC.\u00e9.S."},"content":{"rendered":"\n<div class=\"wp-block-uagb-image aligncenter uagb-block-fbe19011 wp-block-uagb-image--layout-default wp-block-uagb-image--effect-static wp-block-uagb-image--align-center\"><figure class=\"wp-block-uagb-image__figure\"><img decoding=\"async\" srcset=\"https:\/\/ecrire44.fr\/wp-content\/uploads\/2021\/10\/IMG_1321-1-768x1024.jpg ,https:\/\/ecrire44.fr\/wp-content\/uploads\/2021\/10\/IMG_1321-1-scaled-e1634738432593.jpg 780w, https:\/\/ecrire44.fr\/wp-content\/uploads\/2021\/10\/IMG_1321-1-scaled-e1634738432593.jpg 360w\" sizes=\"auto, (max-width: 480px) 150px\" src=\"https:\/\/ecrire44.fr\/wp-content\/uploads\/2021\/10\/IMG_1321-1-768x1024.jpg\" alt=\"\" class=\"uag-image-1360\" width=\"329\" height=\"439\" title=\"IMG_1321 (1)\" loading=\"lazy\" role=\"img\"\/><\/figure><\/div>\n\n\n\n<p><p><strong>L&rsquo;association ACC\u00e9S a \u00e9t\u00e9 cr\u00e9\u00e9e octobre 2010.<\/strong><\/p>Elle a pour but de d\u00e9velopper la pratique des histoires de vie en favorisant :<\/p>\n\n\n\n<p>&#8211; La mise en place d&rsquo;ateliers d&rsquo;\u00e9criture biographique,- L&rsquo;\u00e9mancipation personnelle du sujet, son expression, sa cr\u00e9ativit\u00e9,dans un cadre collectif,<\/p>\n\n\n\n<p>&#8211; Toute action croisant l&rsquo;\u00e9criture biographique avec d&rsquo;autres champs (art, culture, formation&#8230;)<\/p>\n\n\n\n<p>Son si\u00e8ge est situ\u00e9 \u00e0 Trentemoult, quartier de Rez\u00e9.<br>Les ateliers se d\u00e9roulent \u00e0 \u00ab\u00a0C\u00f4t\u00e9 3bis\u00a0\u00bb, <br>3 bis rue Bruneau 44400 Rez\u00e9.<span style=\"font-size: 10pt; font-family: Helvetica;\">\u00a0<\/span><br><br><\/p>\n","protected":false},"excerpt":{"rendered":"<p>L&rsquo;association ACC\u00e9S a \u00e9t\u00e9 cr\u00e9\u00e9e octobre 2010. Elle a pour but de d\u00e9velopper la pratique des histoires de vie en favorisant : &#8211; La mise en place d&rsquo;ateliers d&rsquo;\u00e9criture biographique,- L&rsquo;\u00e9mancipation personnelle du sujet, son expression, sa cr\u00e9ativit\u00e9,dans un cadre collectif, &#8211; Toute action croisant l&rsquo;\u00e9criture biographique avec d&rsquo;autres champs (art, culture, formation&#8230;) Son si\u00e8ge &hellip; <a href=\"https:\/\/ecrire44.fr\/index.php\/lassociation-acc-e-s-2\/\" class=\"more-link\">Continuer la lecture de <span class=\"screen-reader-text\">L&rsquo;ASSOCIATION ACC.\u00e9.S.<\/span><\/a><\/p>\n","protected":false},"author":1,"featured_media":0,"parent":0,"menu_order":0,"comment_status":"closed","ping_status":"closed","template":"","meta":{"_uag_custom_page_level_css":"","footnotes":""},"class_list":["post-2110","page","type-page","status-publish","hentry"],"uagb_featured_image_src":{"full":false,"thumbnail":false,"medium":false,"medium_large":false,"large":false,"1536x1536":false,"2048x2048":false,"post-thumbnail":false},"uagb_author_info":{"display_name":"S.B.","author_link":"https:\/\/ecrire44.fr\/index.php\/author\/admin4101\/"},"uagb_comment_info":0,"uagb_excerpt":"L&rsquo;association ACC\u00e9S a \u00e9t\u00e9 cr\u00e9\u00e9e octobre 2010. Elle a pour but de d\u00e9velopper la pratique des histoires de vie en favorisant : &#8211; La mise en place d&rsquo;ateliers d&rsquo;\u00e9criture biographique,- L&rsquo;\u00e9mancipation personnelle du sujet, son expression, sa cr\u00e9ativit\u00e9,dans un cadre collectif, &#8211; Toute action croisant l&rsquo;\u00e9criture biographique avec d&rsquo;autres champs (art, culture, formation&#8230;) Son si\u00e8ge\u2026","_links":{"self":[{"href":"https:\/\/ecrire44.fr\/index.php\/wp-json\/wp\/v2\/pages\/2110","targetHints":{"allow":["GET"]}}],"collection":[{"href":"https:\/\/ecrire44.fr\/index.php\/wp-json\/wp\/v2\/pages"}],"about":[{"href":"https:\/\/ecrire44.fr\/index.php\/wp-json\/wp\/v2\/types\/page"}],"author":[{"embeddable":true,"href":"https:\/\/ecrire44.fr\/index.php\/wp-json\/wp\/v2\/users\/1"}],"replies":[{"embeddable":true,"href":"https:\/\/ecrire44.fr\/index.php\/wp-json\/wp\/v2\/comments?post=2110"}],"version-history":[{"count":4,"href":"https:\/\/ecrire44.fr\/index.php\/wp-json\/wp\/v2\/pages\/2110\/revisions"}],"predecessor-version":[{"id":2118,"href":"https:\/\/ecrire44.fr\/index.php\/wp-json\/wp\/v2\/pages\/2110\/revisions\/2118"}],"wp:attachment":[{"href":"https:\/\/ecrire44.fr\/index.php\/wp-json\/wp\/v2\/media?parent=2110"}],"curies":[{"name":"wp","href":"https:\/\/api.w.org\/{rel}","templated":true}]}}